725 is divided by 199?
138
Calculate the remainder when 1554869 is divided by 127.
8
Calculate the remainder when 13463 is divided by 13396.
67
Calculate the remainder when 1682 is divided by 116.
58
Calculate the remainder when 5941 is divided by 741.
13
Calculate the remainder when 12056 is divided by 148.
68
Calculate the remainder when 77423 is divided by 77400.
23
Calculate the remainder when 160118 is divided by 53310.
188
Calculate the remainder when 15456 is divided by 620.
576
Calculate the remainder when 105738 is divided by 126.
24
What is the remainder when 3063 is divided by 181?
167
What is the remainder when 22634 is divided by 1207?
908
Calculate the remainder when 68274 is divided by 35.
24
Calculate the remainder when 12463 is divided by 519.
7
What is the remainder when 100536 is divided by 20096?
56
Calculate the remainder when 110998 is divided by 296.
294
What is the remainder when 1015946 is divided by 719?
718
What is the remainder when 1173248 is divided by 475?
473
Calculate the remainder when 6014 is divided by 1194.
44
Calculate the remainder when 330369 is divided by 22.
17
What is the remainder when 32893 is divided by 8217?
25
Calculate the remainder when 5277 is divided by 220.
217
What is the remainder when 69870 is divided by 220?
130
Calculate the remainder when 21149 is divided by 492.
485
Calculate the remainder when 313039 is divided by 191.
181
What is the remainder when 51272 is divided by 25?
22
What is the remainder when 696 is divided by 189?
129
Calculate the remainder when 168 is divided by 1.
0
What is the remainder when 5784 is divided by 445?
444
What is the remainder when 6203 is divided by 22?
21
Calculate the remainder when 67664 is divided by 1091.
22
Calculate the remainder when 28388 is divided by 579.
17
What is the remainder when 6500037 is divided by 15?
12
What is the remainder when 166029 is divided by 13?
6
Calculate the remainder when 7924 is divided by 139.
1
Calculate the remainder when 153847 is divided by 585.
577
What is the remainder when 178338 is divided by 772?
6
What is the remainder when 13155 is divided by 13143?
12
What is the remainder when 118295 is divided by 372?
371
Calculate the remainder when 2329 is divided by 755.
64
What is the remainder when 454895 is divided by 14215?
15
What is the remainder when 653195 is divided by 1420?
1415
Calculate the remainder when 3970474 is divided by 25.
24
Calculate the remainder when 330 is divided by 165.
0
Calculate the remainder when 3562 is divided by 188.
178
What is the remainder when 44463 is divided by 1588?
1587
What is the remainder when 9092 is divided by 4541?
10
What is the remainder when 4261 is divided by 1770?
721
What is the remainder when 2950 is divided by 142?
110
What is the remainder when 2868 is divided by 19?
18
Calculate the remainder when 13955 is divided by 6960.
35
Calculate the remainder when 753 is divided by 10.
3
Calculate the remainder when 1692 is divided by 827.
38
Calculate the remainder when 21185 is divided by 623.
3
Calculate the remainder when 122908 is divided by 61431.
46
Calculate the remainder when 8271 is divided by 22.
21
What is the remainder when 1757 is divided by 134?
15
What is the remainder when 10323 is divided by 280?
243
What is the remainder when 1475 is divided by 1422?
53
What is the remainder when 206398 is divided by 120?
118
Calculate the remainder when 15470 is divided by 142.
134
Calculate the remainder when 130977 is divided by 222.
219
What is the remainder when 5867 is divided by 293?
7
What is the remainder when 807266 is divided by 154?
152
Calculate the remainder when 4681 is divided by 50.
31
What is the remainder when 11308414 is divided by 48?
46
Calculate the remainder when 73593 is divided by 221.
0
Calculate the remainder when 1866 is divided by 1575.
291
What is the remainder when 1000 is divided by 503?
497
Calculate the remainder when 729 is divided by 256.
217
What is the remainder when 4385 is divided by 364?
17
Calculate the remainder when 92389 is divided by 462.
451
What is the remainder when 78416 is divided by 158?
48
Calculate the remainder when 282525 is divided by 8.
5
Calculate the remainder when 2694 is divided by 120.
54
Calculate the remainder when 35441 is divided by 68.
13
Calculate the remainder when 801264 is divided by 229.
222
What is the remainder when 3924 is divided by 306?
252
What is the remainder when 1259 is divided by 415?
14
Calculate the remainder when 1147 is divided by 245.
167
What is the remainder when 376 is divided by 145?
86
Calculate the remainder when 6109 is divided by 678.
7
What is the remainder when 25757 is divided by 44?
17
Calculate the remainder when 42300 is divided by 6035.
55
Calculate the remainder when 7109 is divided by 71.
9
What is the remainder when 498 is divided by 165?
3
Calculate the remainder when 51359 is divided by 535.
534
What is the remainder when 5653 is divided by 68?
9
Calculate the remainder when 932606 is divided by 13.
12
Calculate the remainder when 131 is divided by 82.
49
What is the remainder when 12351 is divided by 1754?
73
Calculate the remainder when 16707 is divided by 16.
3
Calculate the remainder when 19463 is divided by 28.
3
Calculate the remainder when 86999 is divided by 197.
122
Calculate the remainder when 362151 is divided by 120716.
3
What is the remainder when 19490 is divided by 195?
185
What is the remainder when 169754 is divided by 74?
72
Calculate the remainder when 31419 is divided by 53.
43
What is the remainder when 38409 is divided by 7?
0
Calculate the remainder when 7612 is divided by 3735.
142
Calculate the remainder when 64311 is divided by 397.
394
Calculate the remainder when 10791 is divided by 3090.
1521
Calculate the remainder when 3947 is divided by 974.
51
Calculate the remainder when 672 is divided by 124.
52
Calculate the remainder when 1639 is divided by 8.
7
Calculate the remainder when 33621 is divided by 34.
29
What is the remainder when 958083 is divided by 119?
14
What is the remainder when 51763 is divided by 51?
49
What is the remainder when 22483 is divided by 418?
329
What is the remainder when 920 is divided by 510?
410
Calculate the remainder when 412829 is divided by 30.
29
What is the remainder when 73397 is divided by 578?
569
Calculate the remainder when 415292 is divided by 17.
16
Calculate the remainder when 1981199 is divided by 13.
12
Calculate the remainder when 61240 is divided by 354.
352
What is the remainder when 813 is divided by 60?
33
What is the remainder when 98700 is divided by 4700?
0
Calculate the remainder when 36287 is divided by 1036.
27
What is the remainder when 769 is divided by 10?
9
What is the remainder when 1436 is divided by 463?
47
What is the remainder when 52430 is divided by 103?
3
Calculate the remainder when 11468 is divided by 250.
218
Calculate the remainder when 5719 is divided by 16.
7
Calculate the remainder when 19461 is divided by 103.
97
Calculate the remainder when 2839 is divided by 754.
577
What is the remainder when 56951 is divided by 22?
15
What is the remainder when 2846 is divided by 1416?
14
What is the remainder when 11841 is divided by 2848?
449
Calculate the remainder when 2058 is divided by 1087.
971
What is the remainder when 501376 is divided by 142?
116
Calculate the remainder when 9678 is divided by 156.
6
Calculate the remainder when 12247 is divided by 240.
7
Calculate the remainder when 11602 is divided by 445.
32
Calculate the remainder when 16348 is divided by 58.
50
What is the remainder when 65700 is divided by 181?
178
What is the remainder when 1424 is divided by 1417?
7
What is the remainder when 15680 is divided by 63?
56
Calculate the remainder when 5424 is divided by 130.
94
What is the remainder when 5146 is divided by 997?
161
What is the remainder when 2078671 is divided by 16?
15
Calculate the remainder when 576 is divided by 276.
24
Calculate the remainder when 2739645 is divided by 14195.
10
Calculate the remainder when 5827 is divided by 725.
27
What is the remainder when 7426 is divided by 3510?
406
Calculate the remainder when 10486 is divided by 200.
86
What is the remainder when 285 is divided by 70?
5
What is the remainder when 1183264 i